42697
What are the prime factors of 337572?
2, 3, 9377
List the prime factors of 1236032.
2, 7, 31, 89
List the prime factors of 966642.
2, 3, 31, 5197
List the prime factors of 8564391.
3, 11, 86509
What are the prime factors of 85598?
2, 127, 337
What are the prime factors of 2848087?
11, 258917
What are the prime factors of 1197499?
31, 38629
List the prime factors of 325595.
5, 65119
List the prime factors of 586228.
2, 17, 37, 233
What are the prime factors of 488007?
3, 13, 43, 97
What are the prime factors of 345664?
2, 11, 491
List the prime factors of 1255091.
29, 113, 383
What are the prime factors of 324884?
2, 7, 41, 283
What are the prime factors of 154914?
2, 3, 25819
What are the prime factors of 997708?
2, 249427
List the prime factors of 2240811.
3, 149, 557
List the prime factors of 431679.
3, 37, 3889
What are the prime factors of 315586?
2, 157793
List the prime factors of 4512033.
3, 43, 89, 131
What are the prime factors of 44463?
3, 14821
What are the prime factors of 4746970?
2, 5, 23, 20639
List the prime factors of 3311528.
2, 11, 311
List the prime factors of 844515.
3, 5, 7, 383
What are the prime factors of 471601?
13, 36277
List the prime factors of 245871.
3, 17, 1607
List the prime factors of 27769254.
2, 3, 4628209
What are the prime factors of 601511?
17, 41, 863
What are the prime factors of 2652638?
2, 1326319
List the prime factors of 28460816.
2, 1778801
List the prime factors of 3082716.
2, 3, 7, 13, 941
List the prime factors of 3254427.
3, 11, 71, 463
What are the prime factors of 1477075?
5, 59083
List the prime factors of 11104638.
2, 3, 17, 108869
What are the prime factors of 3312300?
2, 3, 5, 61, 181
List the prime factors of 238194.
2, 3, 11, 401
List the prime factors of 2518026.
2, 3, 7, 167, 359
What are the prime factors of 21876731?
31, 37, 19073
What are the prime factors of 13302581?
13302581
What are the prime factors of 12436884?
2, 3, 37, 9337
What are the prime factors of 12486219?
3, 1297, 3209
What are the prime factors of 188075?
5, 7523
List the prime factors of 330425.
5, 13217
What are the prime factors of 2624963?
11, 127, 1879
List the prime factors of 6824869.
6824869
What are the prime factors of 162538?
2, 181, 449
What are the prime factors of 379926?
2, 3, 21107
List the prime factors of 18098055.
3, 5, 43, 47, 199
List the prime factors of 209520.
2, 3, 5, 97
List the prime factors of 2670300.
2, 3, 5, 23, 43
List the prime factors of 12688306.
2, 53, 119701
What are the prime factors of 6584851?
7, 13, 269
List the prime factors of 278878.
2, 139439
List the prime factors of 15856927.
71, 223337
What are the prime factors of 98150?
2, 5, 13, 151
What are the prime factors of 27623726?
2, 13, 81727
What are the prime factors of 109711?
7, 2239
List the prime factors of 751552.
2, 11743
What are the prime factors of 18804365?
5, 89, 42257
List the prime factors of 30011286.
2, 3, 31, 47, 3433
What are the prime factors of 504676?
2, 281, 449
List the prime factors of 6615764.
2, 83, 19927
What are the prime factors of 157726?
2, 17, 4639
What are the prime factors of 8052462?
2, 3, 11, 67, 607
What are the prime factors of 777594?
2, 3, 19, 359
List the prime factors of 13604228.
2, 11, 19, 16273
List the prime factors of 1641588.
2, 3, 13, 17, 619
What are the prime factors of 17008599?
3, 353, 16061
What are the prime factors of 8786679?
3, 11, 149, 1787
List the prime factors of 1381861.
13, 106297
What are the prime factors of 18889?
13, 1453
List the prime factors of 2912088.
2, 3, 67, 1811
What are the prime factors of 11990215?
5, 101, 23743
List the prime factors of 2591661.
3, 863887
List the prime factors of 382104.
2, 3, 29, 61
List the prime factors of 3675739.
3675739
What are the prime factors of 322558?
2, 17, 53, 179
What are the prime factors of 566246?
2, 31, 9133
List the prime factors of 3746612.
2, 151, 6203
What are the prime factors of 127047?
3, 42349
List the prime factors of 119346.
2, 3, 19891
List the prime factors of 11710776.
2, 3, 7, 11, 6337
List the prime factors of 223614.
2, 3, 41, 101
What are the prime factors of 16534014?
2, 3, 7, 393667
What are the prime factors of 2719699?
2719699
What are the prime factors of 166754?
2, 7, 43, 277
List the prime factors of 225895.
5, 45179
What are the prime factors of 256185?
3, 5, 5693
List the prime factors of 40797.
3, 1511
What are the prime factors of 4535385?
3, 5, 137, 2207
What are the prime factors of 5931113?
17, 348889
List the prime factors of 3484172.
2, 89, 9787
What are the prime factors of 13613976?
2, 3, 23, 8221
What are the prime factors of 198486?
2, 3, 11027
What are the prime factors of 1304954?
2, 7, 17, 5483
List the prime factors of 3550853.
19, 37, 5051
What are the prime factors of 3802993?
3802993
What are the prime factors of 273015?
3, 5, 6067
What are the prime factors of 719118?
2, 3, 23, 193
What are the prime factors of 7079328?
2, 3, 47, 523
List the prime factors of 598999.
598999
List the prime factors of 321405.
3, 5, 7, 3061
What are the prime factors of 32966129?
7, 47, 97, 1033
What are the prime factors of 2037119?
7, 233, 1249
What are the prime factors of 2552226?
2, 3, 73, 5827
What are the prime factors of 24147116?
2, 7, 862397
List the prime factors of 4605229.
29, 379, 419
List the prime factors of 681899.
681899
What are the prime factors of 2878420?
2, 5, 43, 3347
List the prime factors of 2450066.
2, 37, 113, 293
List the prime factors of 10189237.
29, 43, 8171
List the prime factors of 1803910.
2, 5, 180391
List the prime factors of 5629057.
7, 17, 47303
List the prime factors of 539206.
2, 17, 15859
List the prime factors of 32005190.
2, 5, 7, 23, 103, 193
What are the prime factors of 285791?
11, 25981
List the prime factors of 611266.
2, 305633
List the prime factors of 161936.
2, 29, 349
List the prime factors of 217861.
7, 31123
What are the prime factors of 6420999?
3, 13, 31, 47, 113
What are the prime factors of 23751028?
2, 7, 848251
List the prime factors of 352042.
2, 176021
What are the prime factors of 106228?
2, 26557
List the prime factors of 39846.
2, 3, 29, 229
List the prime factors of 511991.
511991
List the prime factors of 624950.
2, 5, 29, 431
What are the prime factors of 891682?
2, 11, 40531
List the prime factors of 18203.
109, 167
List the prime factors of 520888.
2, 65111
List the prime factors of 880178.
2, 13, 97, 349
List the prime factors of 3420359.
89, 38431
What are the prime factors of 5230?
2, 5, 523
What are the prime factors of 4671584?
2, 145987
List the prime factors of 1267386.
2, 3, 211231
What are the prime factors of 3264262?
2, 239, 6829
List the prime factors of 17747570.
2, 5, 1774757
What are the prime factors of 1526318?
2, 763159
List the prime factors of 710785.
5, 142157
List the prime factors of 176150.
2, 5, 13, 271
List the prime factors of 142243.
103, 1381
What are the prime factors of 13387153?
13, 19, 83, 653
What are the prime factors of 64286?
2, 32143
What are the prime factors of 532033?
532033
What are the prime factors of 3256650?
2, 3, 5, 7237
List the prime factors of 13245779.
29, 661, 691
List the prime factors of 3374168.
2, 7, 89, 677
List the prime factors of 426176.
2, 6659
List the prime factors of 1082397.
3, 191, 1889
What are the prime factors of 2339919?
3, 259991
What are the prime factors of 4878686?
2, 1213, 2011
List the prime factors of 1715026.
2, 857513
List the prime factors of 1469640.
2, 3, 5, 37, 331
What are the prime factors of 5702?
2, 2851
List the prime factors of 9307984.
2, 7, 41, 2027
What are the prime factors of 19914734?
2, 7, 23, 2689
List the prime factors of 480388.
2, 120097
List the prime factors of 861787.
23, 89, 421
List the prime factors of 1841357.
7, 23, 11437
List the prime factors of 655144.
2, 7, 11699
What are the prime factors of 89365?
5, 61, 293
List the prime factors of 2985984.
2, 3
List the prime factors of 7914495.
3, 5, 527633
List the prime factors of 617743.
7, 1801
What are the prime factors of 119535?
3, 5, 13, 613
What are the prime factors of 4627150?
2, 5, 11, 47, 179
List the prime factors of 85154.
2, 42577
What are the prime factors of 2072995?
5, 19, 21821
List the prime factors of 8863792.
2, 7, 29, 2729
List